{"id":40,"date":"2020-01-24T06:38:44","date_gmt":"2020-01-24T05:38:44","guid":{"rendered":"http:\/\/www.dorferleben-nassereith.at\/start\/?page_id=40"},"modified":"2020-06-17T13:34:09","modified_gmt":"2020-06-17T11:34:09","slug":"veranstaltungen","status":"publish","type":"page","link":"http:\/\/www.dorferleben-nassereith.at\/start\/?page_id=40","title":{"rendered":"Veranstaltungen"},"content":{"rendered":"<p>Auf Grund der erh\u00f6hten Sicherheitsma\u00dfnahmen werden bis auf \u00a0weiteres alle nachfolgenden Veranstaltungen abgesagt!<br \/>\nDamit leisten wir als Bildungsanbieter einen vern\u00fcnftigen Beitrag zur derzeitigen Situation.<br \/>\nDanke f\u00fcr euer Verst\u00e4ndnis<\/p>\n<p>Hier eine Vorschau der geplanten Veranstaltungen:<\/p>\n<p><span style=\"color: #333333; font-family: 'Georgia',serif;\"><div class=\"sep-page\">\r\n    <div class=\"listing\">\r\n\r\n        <div class=\"list-view\">\r\n\t<div class=\"no_found\"><p>Keine Events gefunden.<\/p><p><a href=\"http:\/\/www.dorferleben-nassereith.at\/start\/\" class=\"btn btn-primary\">Zur\u00fcck zur Veranstaltungsliste<\/a><\/p><\/div>    <div class=\"clear\"><\/div>\r\n<\/div>\r\n<div class=\"clearfix\"><\/div>\r\n\r\n<\/div>\r\n<\/div>\r\n\r\n<\/span><\/p>\n<p>&nbsp;<\/p>\n<p>&nbsp;<\/p>\n","protected":false},"excerpt":{"rendered":"<p>Auf Grund der erh\u00f6hten Sicherheitsma\u00dfnahmen werden bis auf \u00a0weiteres alle nachfolgenden Veranstaltungen abgesagt! Damit leisten wir als Bildungsanbieter einen vern\u00fcnftigen Beitrag zur derzeitigen Situation. Danke f\u00fcr euer Verst\u00e4ndnis Hier eine Vorschau der geplanten Veranstaltungen: &nbsp; &nbsp;<\/p>\n","protected":false},"author":1,"featured_media":0,"parent":0,"menu_order":0,"comment_status":"closed","ping_status":"closed","template":"Page-fullwidth.php","meta":[],"_links":{"self":[{"href":"http:\/\/www.dorferleben-nassereith.at\/start\/index.php?rest_route=\/wp\/v2\/pages\/40"}],"collection":[{"href":"http:\/\/www.dorferleben-nassereith.at\/start\/index.php?rest_route=\/wp\/v2\/pages"}],"about":[{"href":"http:\/\/www.dorferleben-nassereith.at\/start\/index.php?rest_route=\/wp\/v2\/types\/page"}],"author":[{"embeddable":true,"href":"http:\/\/www.dorferleben-nassereith.at\/start\/index.php?rest_route=\/wp\/v2\/users\/1"}],"replies":[{"embeddable":true,"href":"http:\/\/www.dorferleben-nassereith.at\/start\/index.php?rest_route=%2Fwp%2Fv2%2Fcomments&post=40"}],"version-history":[{"count":11,"href":"http:\/\/www.dorferleben-nassereith.at\/start\/index.php?rest_route=\/wp\/v2\/pages\/40\/revisions"}],"predecessor-version":[{"id":161,"href":"http:\/\/www.dorferleben-nassereith.at\/start\/index.php?rest_route=\/wp\/v2\/pages\/40\/revisions\/161"}],"wp:attachment":[{"href":"http:\/\/www.dorferleben-nassereith.at\/start\/index.php?rest_route=%2Fwp%2Fv2%2Fmedia&parent=40"}],"curies":[{"name":"wp","href":"https:\/\/api.w.org\/{rel}","templated":true}]}}